{"id":88,"date":"2023-06-25T12:57:49","date_gmt":"2023-06-25T10:57:49","guid":{"rendered":"https:\/\/bosnische-schule.org\/?page_id=88"},"modified":"2023-06-25T12:57:50","modified_gmt":"2023-06-25T10:57:50","slug":"vakanzen","status":"publish","type":"page","link":"https:\/\/bosnische-schule.org\/?page_id=88","title":{"rendered":"Vakanzen"},"content":{"rendered":"\n<p>Wir m\u00f6chten Sie \u00fcber Vakanzen f\u00fcr Lehrkr\u00e4fte an unserer Schule (Unterrichten in der Muttersprache) informieren.<br>Voraussetzung: Hochschulabschluss oder entsprechende p\u00e4dagogische Richtung. Kandidaten mit Erfahrung im Unterricht werden bevorzugt.<br>Alle Interessierten k\u00f6nnen eine kurze Bewerbung inkl. Lebenslauf an folgende E-Mail Adresse senden:\u00a0<a href=\"mailto:info@bosnische-schule.org\">info@bosnische-schule.org<\/a><\/p>\n","protected":false},"excerpt":{"rendered":"<p>Wir m\u00f6chten Sie \u00fcber Vakanzen f\u00fcr Lehrkr\u00e4fte an unserer Schule (Unterrichten in der Muttersprache) informieren.Voraussetzung: Hochschulabschluss oder entsprechende p\u00e4dagogische Richtung. Kandidaten mit Erfahrung im Unterricht werden bevorzugt.Alle Interessierten k\u00f6nnen eine kurze Bewerbung inkl. Lebenslauf an folgende E-Mail Adresse senden:\u00a0info@bosnische-schule.org<\/p>\n","protected":false},"author":1,"featured_media":0,"parent":0,"menu_order":0,"comment_status":"closed","ping_status":"closed","template":"","meta":{"footnotes":""},"class_list":["post-88","page","type-page","status-publish"],"_links":{"self":[{"href":"https:\/\/bosnische-schule.org\/index.php?rest_route=\/wp\/v2\/pages\/88","targetHints":{"allow":["GET"]}}],"collection":[{"href":"https:\/\/bosnische-schule.org\/index.php?rest_route=\/wp\/v2\/pages"}],"about":[{"href":"https:\/\/bosnische-schule.org\/index.php?rest_route=\/wp\/v2\/types\/page"}],"author":[{"embeddable":true,"href":"https:\/\/bosnische-schule.org\/index.php?rest_route=\/wp\/v2\/users\/1"}],"replies":[{"embeddable":true,"href":"https:\/\/bosnische-schule.org\/index.php?rest_route=%2Fwp%2Fv2%2Fcomments&post=88"}],"version-history":[{"count":1,"href":"https:\/\/bosnische-schule.org\/index.php?rest_route=\/wp\/v2\/pages\/88\/revisions"}],"predecessor-version":[{"id":89,"href":"https:\/\/bosnische-schule.org\/index.php?rest_route=\/wp\/v2\/pages\/88\/revisions\/89"}],"wp:attachment":[{"href":"https:\/\/bosnische-schule.org\/index.php?rest_route=%2Fwp%2Fv2%2Fmedia&parent=88"}],"curies":[{"name":"wp","href":"https:\/\/api.w.org\/{rel}","templated":true}]}}