{"id":118,"date":"2023-06-25T14:05:56","date_gmt":"2023-06-25T12:05:56","guid":{"rendered":"https:\/\/bosnische-schule.org\/?page_id=118"},"modified":"2025-02-12T23:06:05","modified_gmt":"2025-02-12T22:06:05","slug":"datenschutz","status":"publish","type":"page","link":"https:\/\/bosnische-schule.org\/?page_id=118","title":{"rendered":"Datenschutz"},"content":{"rendered":"\r\n<p>Datenschutzerkl\u00e4rung nach Telemediengesetz und Datenschutz-Grundverordnung\u200e (DSGVO)<\/p>\r\n\r\n\r\n\r\n<p>Der Schutz Ihrer pers\u00f6nlichen Daten, die bei der Nutzung unserer Website\u00a0<a href=\"http:\/\/www.bosnische-schule.org\/\">www.bosnische-schule.org<\/a>\u00a0erhoben und gespeichert werden, ist Bosnisch-herzegowinische Schule M\u00fcnchen e.V. ein besonderes Anliegen.<br \/>Ihre pers\u00f6nlichen Daten sind bei uns sicher.<\/p>\r\n\r\n\r\n\r\n<p>Wir setzen technische und organisatorische Sicherheitsma\u00dfnahmen ein, um Ihre durch uns verwalteten Daten gegen zuf\u00e4llige oder vors\u00e4tzliche Manipulation, Verlust, Zerst\u00f6rung oder gegen den Zugriff unberechtigter Personen zu sch\u00fctzen. Daher setzen wir immer, wenn Sie uns pers\u00f6nliche Daten \u00fcbermitteln, modernste Verschl\u00fcsselungstechniken, die sogenannte \u201eSecure Socket Layer\u201c (SSL)-\u00dcbertragung, ein.<\/p>\r\n\r\n\r\n\r\n<p><strong>Personenbezogene Daten<\/strong><\/p>\r\n\r\n\r\n\r\n<p>Personenbezogene Daten werden auf unserer Website nur erhoben, wenn dies im Rahmen einer Mitgliedschaft, der Buchung von Lehrg\u00e4ngen und Seminaren, einer Bestellung oder bei der Anmeldung zu einem Newsletter (sp\u00e4ter geplant) erforderlich ist.<br \/><br \/>Ihre Daten werden von uns nur f\u00fcr die Bearbeitung Ihre Anfragen, Bestellungen oder Buchungen verwendet. Die Daten werden nicht an andere Einrichtungen oder Dienstleister weitergegeben.<br \/><br \/>Ihre E-Mail-Adresse wird ausschlie\u00dflich von Bosnisch-herzegowinische Schule M\u00fcnchen e.V. f\u00fcr eigene Informations- und Werbezusendungen genutzt und nur soweit dies gesetzlich zul\u00e4ssig ist oder Sie dieser Nutzung nicht widersprochen haben. Ihre E-Mail-Adresse wird grunds\u00e4tzlich keinem anderen Unternehmen au\u00dferhalb der im vorigen Absatz aufgef\u00fchrten Zwecke zur Verf\u00fcgung gestellt.<\/p>\r\n\r\n\r\n\r\n<p><strong>Verwendung von Cookies<\/strong><\/p>\r\n\r\n\r\n\r\n<p>Die Website www.bosnische-schule.org setzt keine Cookies ein.<\/p>\r\n\r\n\r\n\r\n<p><strong>Verwendung von Google Analytics<br \/><\/strong><br \/>Die Website www. bosnische-schule.org setzt Google Analytics nicht ein.<\/p>\r\n\r\n\r\n\r\n<p><strong>Onlinepr\u00e4senzen in sozialen Medien<br \/><\/strong><br \/>Bosnisch-herzegowinische Schule M\u00fcnchen e.V. unterh\u00e4lt Onlinepr\u00e4senzen innerhalb sozialer Netzwerke und Plattformen, um mit den dort aktiven Kunden, Interessenten und Nutzern kommunizieren und sie dort \u00fcber unsere Leistungen informieren zu k\u00f6nnen.<\/p>\r\n\r\n\r\n\r\n<p>Wir weisen darauf hin, dass dabei Daten der Nutzer au\u00dferhalb des Raumes der Europ\u00e4ischen Union verarbeitet werden k\u00f6nnen. Hierdurch k\u00f6nnen sich f\u00fcr die Nutzer Risiken ergeben, weil so beispielsweise die Durchsetzung der Rechte der Nutzer erschwert werden k\u00f6nnte. Im Hinblick auf US-Anbieter, die unter dem Privacy-Shield zertifiziert sind, weisen wir darauf hin, dass sie sich damit verpflichten, die Datenschutzstandards der EU einzuhalten.<br \/>Ferner werden die Daten der Nutzer im Regelfall f\u00fcr Marktforschungs- und Werbezwecke verarbeitet. So k\u00f6nnen beispielsweise aus dem Nutzungsverhalten und sich daraus ergebenden Interessen der Nutzer Nutzungsprofile erstellt werden. Die Nutzungsprofile k\u00f6nnen wiederum verwendet werden, um beispielsweise Werbeanzeigen innerhalb und au\u00dferhalb der Plattformen zu schalten, die mutma\u00dflich den Interessen der Nutzer entsprechen. Zu diesen Zwecken werden im Regelfall Cookies auf den Rechnern der Nutzer gespeichert, in denen das Nutzungsverhalten und die Interessen der Nutzer gespeichert werden. Ferner k\u00f6nnen in den Nutzungsprofilen auch Daten unabh\u00e4ngig der von den Nutzern verwendeten Ger\u00e4te gespeichert werden (insbesondere wenn die Nutzer Mitglieder der jeweiligen Plattformen sind und bei diesen eingeloggt sind).<\/p>\r\n\r\n\r\n\r\n<p>Die Verarbeitung der personenbezogenen Daten der Nutzer erfolgt auf Grundlage unserer berechtigten Interessen an einer effektiven Information der Nutzer und Kommunikation mit den Nutzern gem. Art. 6 Abs. 1 lit. f. DSGVO. Falls die Nutzer von den jeweiligen Anbietern um eine Einwilligung in die Datenverarbeitung gebeten werden (d.h. ihr Einverst\u00e4ndnis z.B. \u00fcber das Anhaken eines Kontrollk\u00e4stchens oder Best\u00e4tigung einer Schaltfl\u00e4che erkl\u00e4ren), ist die Rechtsgrundlage der Verarbeitung Art. 6 Abs. 1 lit. a., Art. 7 DSGVO.<br \/>F\u00fcr eine detaillierte Darstellung der jeweiligen Verarbeitungen und der Widerspruchsm\u00f6glichkeiten (Opt-Out), verweisen wir auf die nachfolgend verlinkten Angaben der Anbieter.<br \/>Auch im Fall von Auskunftsanfragen und der Geltendmachung von Nutzerrechten weisen wir darauf hin, dass diese am effektivsten bei den Anbietern geltend gemacht werden k\u00f6nnen. Nur die Anbieter haben jeweils Zugriff auf die Daten der Nutzer und k\u00f6nnen direkt entsprechende Ma\u00dfnahmen ergreifen und Ausk\u00fcnfte geben. Sollten Sie dennoch Hilfe ben\u00f6tigen, dann k\u00f6nnen Sie sich an uns wenden.<br \/>\u2013 Facebook (Facebook Ireland Ltd., 4 Grand Canal Square, Grand Canal Harbour, Dublin 2, Irland)<br \/>\u2013 Datenschutzerkl\u00e4rung: https:\/\/www.facebook.com\/about\/privacy\/, Opt-Out: https:\/\/www.facebook.com\/settings?tab=ads und http:\/\/www.youronlinechoices.com, Privacy Shield: https:\/\/www.privacyshield.gov\/participant?id=a2zt0000000GnywAAC&amp;status=Active.<br \/>\u2013 Google\/ YouTube (Google Ireland Limited, Gordon House, Barrow Street, Dublin 4, Irland) \u2013 Datenschutzerkl\u00e4rung: https:\/\/policies.google.com\/privacy, Opt-Out: https:\/\/adssettings.google.com\/authenticated, Privacy Shield: https:\/\/www.privacyshield.gov\/participant?id=a2zt000000001L5AAI&amp;status=Active.<br \/>\u2013 Instagram (Instagram Inc., 1601 Willow Road, Menlo Park, CA, 94025, USA)<br \/><br \/>\u2013 Datenschutzerkl\u00e4rung\/ Opt-Out: http:\/\/instagram.com\/about\/legal\/privacy\/.<br \/>Erstellt mit Datenschutz-Generator.de von RA Dr Thomas Schwenke<\/p>\r\n\r\n\r\n\r\n<p><strong>Auskunftsrecht \/ Widerspruchsrecht\/Beschwerderecht<\/strong><\/p>\r\n\r\n\r\n\r\n<p>Nach Art. 15 DSGVO haben Sie das Recht auf Auskunft \u00fcber den Umfang und die Art der Verwendung Ihrer bei uns gespeicherten pers\u00f6nlichen Daten. Dazu kommt das Recht auf Berichtigung, Sperrung und L\u00f6schung Ihrer Daten. Zus\u00e4tzlich k\u00f6nnen Sie die Aufsichtsbeh\u00f6rde einschalten, wenn Ihre Anforderungen an uns nicht erf\u00fcllt werden.<\/p>\r\n\r\n\r\n\r\n<p><strong>\u00c4nderungen der Datenschutzrichtlinien<\/strong><\/p>\r\n\r\n\r\n\r\n<p>Bosnisch-herzegowinische Schule M\u00fcnchen e.V. beh\u00e4lt sich das Recht vor, diese Datenschutzerkl\u00e4rung jederzeit unter Beachtung der geltenden EU-Datenschutzbestimmungen zu \u00e4ndern.<\/p>\r\n\r\n\r\n\r\n<p>Wenn Sie Fragen zum Datenschutz haben, Rechte oder Anspr\u00fcche zu Ihren personenbezogenen Daten aus\u00fcben m\u00f6chten, schicken Sie uns bitte eine E-Mail an\u00a0<a href=\"https:\/\/web.arcmailto:datenschutz@bosnische-schule.org\">info@bosnische-schule.org<\/a><br \/><strong>Datenschutzrechtlicher Ansprechpartner:<\/strong> Suada Konjhod\u017ei\u0107<br \/><strong>E-Mail:<\/strong>\u00a0<a href=\"https:\/\/web.arcmailto:datenschutz@bosnische-schule.org\">info@bosnische-schule.org<\/a><br \/><strong>Stand:<\/strong> 2025<\/p>\r\n","protected":false},"excerpt":{"rendered":"<p>Datenschutzerkl\u00e4rung nach Telemediengesetz und Datenschutz-Grundverordnung\u200e (DSGVO) Der Schutz Ihrer pers\u00f6nlichen Daten, die bei der Nutzung unserer Website\u00a0www.bosnische-schule.org\u00a0erhoben und gespeichert werden, ist Bosnisch-herzegowinische Schule M\u00fcnchen e.V. ein besonderes Anliegen.Ihre pers\u00f6nlichen Daten sind bei uns sicher. Wir setzen technische und organisatorische Sicherheitsma\u00dfnahmen ein, um Ihre durch uns verwalteten Daten gegen zuf\u00e4llige oder vors\u00e4tzliche Manipulation, Verlust, Zerst\u00f6rung oder<\/p>\n<div class=\"read-more\"><a href=\"https:\/\/bosnische-schule.org\/?page_id=118\" title=\"Read More\">Read More<\/a><\/div>\n","protected":false},"author":1,"featured_media":0,"parent":0,"menu_order":0,"comment_status":"closed","ping_status":"closed","template":"","meta":{"footnotes":""},"class_list":["post-118","page","type-page","status-publish"],"_links":{"self":[{"href":"https:\/\/bosnische-schule.org\/index.php?rest_route=\/wp\/v2\/pages\/118","targetHints":{"allow":["GET"]}}],"collection":[{"href":"https:\/\/bosnische-schule.org\/index.php?rest_route=\/wp\/v2\/pages"}],"about":[{"href":"https:\/\/bosnische-schule.org\/index.php?rest_route=\/wp\/v2\/types\/page"}],"author":[{"embeddable":true,"href":"https:\/\/bosnische-schule.org\/index.php?rest_route=\/wp\/v2\/users\/1"}],"replies":[{"embeddable":true,"href":"https:\/\/bosnische-schule.org\/index.php?rest_route=%2Fwp%2Fv2%2Fcomments&post=118"}],"version-history":[{"count":4,"href":"https:\/\/bosnische-schule.org\/index.php?rest_route=\/wp\/v2\/pages\/118\/revisions"}],"predecessor-version":[{"id":558,"href":"https:\/\/bosnische-schule.org\/index.php?rest_route=\/wp\/v2\/pages\/118\/revisions\/558"}],"wp:attachment":[{"href":"https:\/\/bosnische-schule.org\/index.php?rest_route=%2Fwp%2Fv2%2Fmedia&parent=118"}],"curies":[{"name":"wp","href":"https:\/\/api.w.org\/{rel}","templated":true}]}}