{"id":116,"date":"2023-06-25T13:58:55","date_gmt":"2023-06-25T11:58:55","guid":{"rendered":"https:\/\/bosnische-schule.org\/?page_id=116"},"modified":"2025-05-04T18:03:16","modified_gmt":"2025-05-04T16:03:16","slug":"impressum-2","status":"publish","type":"page","link":"https:\/\/bosnische-schule.org\/?page_id=116&lang=bs","title":{"rendered":"Impressum"},"content":{"rendered":"\r\n\r\n\r\n<p><strong>Napomena: Dokument je dostupan samo u originalnoj verziji na njema\u010dkom jeziku.<\/strong><\/p>\r\n<p>\r\n\r\n<\/p>\r\n<p><strong>Bosnisch-herzegowinische Schule M\u00fcnchen e.V.<\/strong><br \/>eingetragen im Vereinsregister beim Amtsgericht M\u00fcnchen unter VR208702.<\/p>\r\n<p><strong>Postadresse<\/strong>: MORGEN e.V., Netzwerk M\u00fcnchner Migrant*innenorganisationen<br \/>Arnulfstra\u00dfe 197, 2. Stock (c\/o Bosnisch-herzegowinische Schule)<br \/>80634 M\u00fcnchen<\/p>\r\n<p><br \/><strong>Bank:<\/strong>\u00a0DE16 7016 3370 0003 2616 11 \/ GENODEF1FFB \/ Volksbank Raiffeisenbank FFB eG<br \/><strong>E-Mail:<\/strong>\u00a0<a href=\"mailto:info@bosnische-schule.org\">info@bosnische-schule.org<\/a><br \/><strong>Telefon:<\/strong>\u00a0+49 (0)174 720 37 34<br \/><br \/><strong>Vertretungsberechtigter Vorstand:<\/strong><br \/>Bosnisch-herzegowinische Schule M\u00fcnchen e.V. ist ein gemeinn\u00fctziger Verein. Der Vereinsvorstand wird alle zwei Jahre gew\u00e4hlt und besteht aus drei Vorstandmitglieder (Vorstandsvorsitzende, 1. stellvertretende Vorsitzende und 2. stellvertretende Vorsitzende). Die Vorstandsvorsitzende Suada Konjhod\u017ei\u0107 vertritt den Verein in allen gerichtlichen und au\u00dfergerichtlichen Angelegenheiten. Die 1. stellvertretende Vorsitzende Anisa Mujd\u017ei\u0107 und die 2. stellvertretende Vorsitzende Lamija Dilaver sind nur gemeinsam vertretungsberechtigt.<br \/><strong>E-Mail:<\/strong>\u00a0<a href=\"mailto:vorstand@bosnische-schule.org\">vorstand@bosnische-schule.org<\/a><br \/><br \/><strong>Urheberrecht:<\/strong><br \/>Die Struktur wie auch der gesamte Inhalt der Website www.bosnische-schule.org unterliegen dem Urheberrecht. Sie darf weder zu Handelszwecken noch zur Weitergabe kopiert, ver\u00e4ndert oder auf anderen Webseiten in irgendeiner Art verwendet werden. Die Vervielf\u00e4ltigung von Informationen oder Daten, insbesondere die Verwendung von Texten, Textteilen, Grafiken, Ton-, Video- und Animationsdateien oder Bildmaterial bedarf der schriftlichen Genehmigung von Bosnisch-herzegowinische Schule M\u00fcnchen e.V. Ebenfalls untersagt ist die Vervielf\u00e4ltigung \u00fcber jegliche elektronische wie nicht-elektronische Medien. Generell untersagt ist die Verlinkung in einem Frame, bei dem www.bosnische-schule.org nicht mehr als Urheber erkennbar ist. Alle weiteren Rechte vorbehalten.<br \/><br \/><strong>Haftungsausschluss:<\/strong><br \/>Bosnisch-herzegowinische Schule M\u00fcnchen e.V. hat den Inhalt des Webauftritts www.bosnische-schule.org mit geb\u00fchrender Sorgfalt zusammengestellt. F\u00fcr alle Links auf allen Seiten der www.bosnische-schule.org gilt: Bosnisch-herzegowinische Schule M\u00fcnchen e.V. ist nicht verantwortlich f\u00fcr die Datenschutzvorkehrungen oder den Inhalt anderer Webseiten und macht sich diese Inhalte nicht zu Eigen. Eine Haftung f\u00fcr Inhalte, die \u00fcber Links unter www.bosnische-schule.org abrufbar sind, wird somit ausdr\u00fccklich ausgeschlossen. In keinem Fall kann Bosnische-herzegowinische Schule M\u00fcnchen e.V. f\u00fcr fehlerhafte beziehungsweise unvollst\u00e4ndige Inhalte oder f\u00fcr nachfolgende Sch\u00e4den irgendwelcher Art verantwortlich gemacht werden, die im Zusammenhang mit der Benutzung der unter www.bosnische-schule.org bereitgestellten Links und Informationen entstehen. Es haftet allein der Anbieter der Seite, auf welche verlinkt wurde. Bosnisch-herzegowinische Schule M\u00fcnchen e.V. beh\u00e4lt sich \u00c4nderungen der Informationen auf diesem Server, die er unverbindlich zur Verf\u00fcgung stellt, ohne vorherige Ank\u00fcndigung vor.<\/p>\r\n<p>\r\n\r\n<\/p>\r\n<p><strong>Stand:<\/strong> 2025<\/p>\r\n<p><\/p>\r\n","protected":false},"excerpt":{"rendered":"<p>Napomena: Dokument je dostupan samo u originalnoj verziji na njema\u010dkom jeziku. Bosnisch-herzegowinische Schule M\u00fcnchen e.V.eingetragen im Vereinsregister beim Amtsgericht M\u00fcnchen unter VR208702. Postadresse: MORGEN e.V., Netzwerk M\u00fcnchner Migrant*innenorganisationenArnulfstra\u00dfe 197, 2. Stock (c\/o Bosnisch-herzegowinische Schule)80634 M\u00fcnchen Bank:\u00a0DE16 7016 3370 0003 2616 11 \/ GENODEF1FFB \/ Volksbank Raiffeisenbank FFB eGE-Mail:\u00a0info@bosnische-schule.orgTelefon:\u00a0+49 (0)174 720 37 34 Vertretungsberechtigter Vorstand:Bosnisch-herzegowinische Schule<\/p>\n<div class=\"read-more\"><a href=\"https:\/\/bosnische-schule.org\/?page_id=116&#038;lang=bs\" title=\"Read More\">Read More<\/a><\/div>\n","protected":false},"author":1,"featured_media":0,"parent":0,"menu_order":0,"comment_status":"closed","ping_status":"closed","template":"","meta":{"footnotes":""},"class_list":["post-116","page","type-page","status-publish"],"_links":{"self":[{"href":"https:\/\/bosnische-schule.org\/index.php?rest_route=\/wp\/v2\/pages\/116","targetHints":{"allow":["GET"]}}],"collection":[{"href":"https:\/\/bosnische-schule.org\/index.php?rest_route=\/wp\/v2\/pages"}],"about":[{"href":"https:\/\/bosnische-schule.org\/index.php?rest_route=\/wp\/v2\/types\/page"}],"author":[{"embeddable":true,"href":"https:\/\/bosnische-schule.org\/index.php?rest_route=\/wp\/v2\/users\/1"}],"replies":[{"embeddable":true,"href":"https:\/\/bosnische-schule.org\/index.php?rest_route=%2Fwp%2Fv2%2Fcomments&post=116"}],"version-history":[{"count":5,"href":"https:\/\/bosnische-schule.org\/index.php?rest_route=\/wp\/v2\/pages\/116\/revisions"}],"predecessor-version":[{"id":599,"href":"https:\/\/bosnische-schule.org\/index.php?rest_route=\/wp\/v2\/pages\/116\/revisions\/599"}],"wp:attachment":[{"href":"https:\/\/bosnische-schule.org\/index.php?rest_route=%2Fwp%2Fv2%2Fmedia&parent=116"}],"curies":[{"name":"wp","href":"https:\/\/api.w.org\/{rel}","templated":true}]}}